{"id":111,"date":"2022-11-01T08:54:31","date_gmt":"2022-11-01T07:54:31","guid":{"rendered":"https:\/\/www.ify.fr\/tradition-evolution\/linstitut-francais-de-yoga-tradition-evolution\/"},"modified":"2023-02-01T14:40:18","modified_gmt":"2023-02-01T13:40:18","slug":"accueil","status":"publish","type":"page","link":"https:\/\/www.ify.fr\/tradition-evolution\/","title":{"rendered":"Accueil"},"content":{"rendered":"\n<div class=\"wp-block-cover alignfull is-light has-parallax\" style=\"background-image:url(https:\/\/www.ify.fr\/tradition-evolution\/wp-content\/uploads\/sites\/14\/2022\/07\/hopefilmphoto-QiYZCKJQMck-unsplash.jpg);min-height:314px\"><span aria-hidden=\"true\" class=\"has-background-dim-0 wp-block-cover__gradient-background has-background-dim\"><\/span><div class=\"wp-block-cover__inner-container\">\n<p class=\"has-text-align-center has-couleur-2-color has-text-color has-large-font-size\"><\/p>\n\n\n\n<h2><\/h2>\n<\/div><\/div>\n\n\n\n<section class=\"wp-container-69e2f32ac7c3b wp-block-group\"><div class=\"wp-block-group__inner-container\">\n<div class=\"wp-block-columns\">\n<div class=\"wp-block-column is-vertically-aligned-top\" style=\"flex-basis:38%\">\n<h1 id=\"bienvenue-a-l-institut-francais-de-yoga\">Bienvenue \u00e0 l\u2019IFY <br>Yoga Tradition \u00c9volution<\/h1>\n\n\n\n<p><\/p>\n<\/div>\n\n\n\n<div class=\"wp-block-column is-vertically-aligned-center\">\n<div class=\"wp-block-group encart-citation\"><div class=\"wp-block-group__inner-container\">\n<p class=\"has-text-align-center\"><em><strong>Le Yoga est une pratique et discipline qui conf\u00e8re <\/strong><\/em><br><em><strong>la sant\u00e9 au corps, aux sens, et au mental.<\/strong><\/em><\/p>\n<\/div><\/div>\n\n\n\n<div class=\"wp-container-69e2f32ac7852 wp-block-buttons btn_cta\">\n<div class=\"wp-block-button\"><a class=\"wp-block-button__link has-couleur-2-background-color has-background\" href=\"https:\/\/www.ify.fr\/tradition-evolution\/trouver-un-cours\/\">Trouver un cours<\/a><\/div>\n\n\n\n<div class=\"wp-block-button\"><a class=\"wp-block-button__link has-couleur-1-background-color has-background\" href=\"https:\/\/www.ify.fr\/tradition-evolution\/trouver-un-professeur\/\">Trouver un professeur<\/a><\/div>\n\n\n\n<div class=\"wp-block-button\"><a class=\"wp-block-button__link has-couleur-3-background-color has-background\" href=\"https:\/\/www.ify.fr\/tradition-evolution\/trouver-un-stage\/\">Trouver un stage<\/a><\/div>\n<\/div>\n<\/div>\n<\/div>\n<\/div><\/section>\n\n\n\n<section class=\"wp-container-69e2f32acbc2e wp-block-group has-bg-2-background-color has-background\"><div class=\"wp-block-group__inner-container\">\n<h2 class=\"has-text-align-center\" id=\"les-dernieres-actualites-de-l-ifyte\">Les derni\u00e8res actualit\u00e9s de L\u2019IFYTE<\/h2>\n\n\n\n<div class=\"wp-container-69e2f32acb403 wp-block-query\"><ul class=\"wp-container-69e2f32acb03b is-flex-container columns-3 diaporama-mob wp-block-post-template\"><li class=\"wp-block-post post-792 actualite type-actualite status-publish has-post-thumbnail hentry actualite-categorie-stages-formations\">\n<figure class=\"wp-container-69e2f32ac9649 alignwide wp-block-post-featured-image\"><a href=\"https:\/\/www.ify.fr\/tradition-evolution\/actualite\/stage-dete-yoga-et-meditation-du-24-au-26-juillet-2026\/\"><img width=\"852\" height=\"1280\" src=\"https:\/\/www.ify.fr\/tradition-evolution\/wp-content\/uploads\/sites\/14\/2026\/02\/IMG_7233.jpg\" class=\"attachment-post-thumbnail size-post-thumbnail wp-post-image\" alt=\"\" loading=\"lazy\" srcset=\"https:\/\/www.ify.fr\/tradition-evolution\/wp-content\/uploads\/sites\/14\/2026\/02\/IMG_7233.jpg 852w, https:\/\/www.ify.fr\/tradition-evolution\/wp-content\/uploads\/sites\/14\/2026\/02\/IMG_7233-200x300.jpg 200w, https:\/\/www.ify.fr\/tradition-evolution\/wp-content\/uploads\/sites\/14\/2026\/02\/IMG_7233-682x1024.jpg 682w, https:\/\/www.ify.fr\/tradition-evolution\/wp-content\/uploads\/sites\/14\/2026\/02\/IMG_7233-768x1154.jpg 768w\" sizes=\"(max-width: 852px) 100vw, 852px\" \/><\/a><\/figure>\n\n<div class=\"taxonomy-actualite-categorie wp-block-post-terms\"><a href=\"https:\/\/www.ify.fr\/tradition-evolution\/actualite-categorie\/stages-formations\/\" rel=\"tag\">Stages, formations<\/a><\/div>\n\n<h2 class=\"wp-block-post-title\"><a href=\"https:\/\/www.ify.fr\/tradition-evolution\/actualite\/stage-dete-yoga-et-meditation-du-24-au-26-juillet-2026\/\" target=\"_self\" rel=\"\">Stage d&rsquo;\u00e9t\u00e9 \u00ab\u00a0Yoga et m\u00e9ditation\u00a0\u00bb du 24 au 26 juillet 2026<\/a><\/h2>\n\n\n<\/li><li class=\"wp-block-post post-783 actualite type-actualite status-publish has-post-thumbnail hentry actualite-categorie-stages-formations\">\n<figure class=\"wp-container-69e2f32aca0ba alignwide wp-block-post-featured-image\"><a href=\"https:\/\/www.ify.fr\/tradition-evolution\/actualite\/hommage-a-peter-hersnack-du-12-au-14-juin-2026-a-marcorignan\/\"><img width=\"957\" height=\"622\" src=\"https:\/\/www.ify.fr\/tradition-evolution\/wp-content\/uploads\/sites\/14\/2026\/02\/IMG_7235.jpg\" class=\"attachment-post-thumbnail size-post-thumbnail wp-post-image\" alt=\"Peter Hersnack\" loading=\"lazy\" srcset=\"https:\/\/www.ify.fr\/tradition-evolution\/wp-content\/uploads\/sites\/14\/2026\/02\/IMG_7235.jpg 957w, https:\/\/www.ify.fr\/tradition-evolution\/wp-content\/uploads\/sites\/14\/2026\/02\/IMG_7235-300x195.jpg 300w, https:\/\/www.ify.fr\/tradition-evolution\/wp-content\/uploads\/sites\/14\/2026\/02\/IMG_7235-768x499.jpg 768w\" sizes=\"(max-width: 957px) 100vw, 957px\" \/><\/a><\/figure>\n\n<div class=\"taxonomy-actualite-categorie wp-block-post-terms\"><a href=\"https:\/\/www.ify.fr\/tradition-evolution\/actualite-categorie\/stages-formations\/\" rel=\"tag\">Stages, formations<\/a><\/div>\n\n<h2 class=\"wp-block-post-title\"><a href=\"https:\/\/www.ify.fr\/tradition-evolution\/actualite\/hommage-a-peter-hersnack-du-12-au-14-juin-2026-a-marcorignan\/\" target=\"_self\" rel=\"\">Hommage \u00e0 Peter Hersnack du 12 au 14 juin 2026 \u00e0 Marcorignan<\/a><\/h2>\n\n\n<\/li><li class=\"wp-block-post post-780 actualite type-actualite status-publish has-post-thumbnail hentry actualite-categorie-stages-formations\">\n<figure class=\"wp-container-69e2f32acabb2 alignwide wp-block-post-featured-image\"><a href=\"https:\/\/www.ify.fr\/tradition-evolution\/actualite\/stage-anime-par-marina-margherita-les-9-et-10-mai-2026-a-toulouse\/\"><img width=\"1179\" height=\"728\" src=\"https:\/\/www.ify.fr\/tradition-evolution\/wp-content\/uploads\/sites\/14\/2026\/02\/IMG_7168.jpg\" class=\"attachment-post-thumbnail size-post-thumbnail wp-post-image\" alt=\"\" loading=\"lazy\" srcset=\"https:\/\/www.ify.fr\/tradition-evolution\/wp-content\/uploads\/sites\/14\/2026\/02\/IMG_7168.jpg 1179w, https:\/\/www.ify.fr\/tradition-evolution\/wp-content\/uploads\/sites\/14\/2026\/02\/IMG_7168-300x185.jpg 300w, https:\/\/www.ify.fr\/tradition-evolution\/wp-content\/uploads\/sites\/14\/2026\/02\/IMG_7168-1024x632.jpg 1024w, https:\/\/www.ify.fr\/tradition-evolution\/wp-content\/uploads\/sites\/14\/2026\/02\/IMG_7168-768x474.jpg 768w\" sizes=\"(max-width: 1179px) 100vw, 1179px\" \/><\/a><\/figure>\n\n<div class=\"taxonomy-actualite-categorie wp-block-post-terms\"><a href=\"https:\/\/www.ify.fr\/tradition-evolution\/actualite-categorie\/stages-formations\/\" rel=\"tag\">Stages, formations<\/a><\/div>\n\n<h2 class=\"wp-block-post-title\"><a href=\"https:\/\/www.ify.fr\/tradition-evolution\/actualite\/stage-anime-par-marina-margherita-les-9-et-10-mai-2026-a-toulouse\/\" target=\"_self\" rel=\"\">Stage anim\u00e9 par\u00a0Marina Margherita les 9 et 10 mai 2026 \u00e0 Toulouse<\/a><\/h2>\n\n<div class=\"wp-block-post-excerpt\"><p class=\"wp-block-post-excerpt__excerpt\">Yoga et spiritualit\u00e9<\/p><p class=\"wp-block-post-excerpt__more-text\"><a class=\"wp-block-post-excerpt__more-link\" href=\"https:\/\/www.ify.fr\/tradition-evolution\/actualite\/stage-anime-par-marina-margherita-les-9-et-10-mai-2026-a-toulouse\/\">Lire l&rsquo;article<\/a><\/p><\/div>\n<\/li><\/ul><\/div>\n\n\n\n<div class=\"wp-container-69e2f32acb840 wp-block-buttons\">\n<div class=\"wp-block-button\"><a class=\"wp-block-button__link has-couleur-2-background-color has-background\" href=\"\/tradition-evolution\/actualite\/\">Voir toutes les actus<\/a><\/div>\n<\/div>\n<\/div><\/section>\n\n\n\n<section class=\"wp-container-69e2f32acc023 wp-block-group\"><div class=\"wp-block-group__inner-container\"><\/div><\/section>\n","protected":false},"excerpt":{"rendered":"<p>Bienvenue \u00e0 l\u2019IFY Yoga Tradition \u00c9volution Les derni\u00e8res actualit\u00e9s de L\u2019IFYTE<\/p>\n","protected":false},"author":10,"featured_media":0,"parent":0,"menu_order":0,"comment_status":"closed","ping_status":"closed","template":"","meta":[],"acf":[],"_links":{"self":[{"href":"https:\/\/www.ify.fr\/tradition-evolution\/wp-json\/wp\/v2\/pages\/111"}],"collection":[{"href":"https:\/\/www.ify.fr\/tradition-evolution\/wp-json\/wp\/v2\/pages"}],"about":[{"href":"https:\/\/www.ify.fr\/tradition-evolution\/wp-json\/wp\/v2\/types\/page"}],"author":[{"embeddable":true,"href":"https:\/\/www.ify.fr\/tradition-evolution\/wp-json\/wp\/v2\/users\/10"}],"replies":[{"embeddable":true,"href":"https:\/\/www.ify.fr\/tradition-evolution\/wp-json\/wp\/v2\/comments?post=111"}],"version-history":[{"count":6,"href":"https:\/\/www.ify.fr\/tradition-evolution\/wp-json\/wp\/v2\/pages\/111\/revisions"}],"predecessor-version":[{"id":534,"href":"https:\/\/www.ify.fr\/tradition-evolution\/wp-json\/wp\/v2\/pages\/111\/revisions\/534"}],"wp:attachment":[{"href":"https:\/\/www.ify.fr\/tradition-evolution\/wp-json\/wp\/v2\/media?parent=111"}],"curies":[{"name":"wp","href":"https:\/\/api.w.org\/{rel}","templated":true}]}}