{"id":33,"date":"2022-05-02T12:17:14","date_gmt":"2022-05-02T10:17:14","guid":{"rendered":"https:\/\/www.ify.fr\/sud\/bienvenue-a-ify-sud\/"},"modified":"2025-06-24T15:12:20","modified_gmt":"2025-06-24T13:12:20","slug":"bienvenue-a-ify-sud","status":"publish","type":"page","link":"https:\/\/www.ify.fr\/sud\/bienvenue-a-ify-sud\/","title":{"rendered":"L&rsquo;association IFY SUD"},"content":{"rendered":"\n<p>Cette association r\u00e9gionale rattach\u00e9e \u00e0 l\u2019IFY, souhaite promouvoir le yoga sous toutes ses formes et pour tous les publics, avec le soutien des professeurs qui enseignent dans les Bouches du Rh\u00f4ne, le Var, le Gard et les Alpes de Haute Provence. <\/p>\n\n\n\n<p>A destination des enseignants, IFY Sud favorise la rencontre, les \u00e9changes de bonnes pratiques, donne la parole aux professeurs qui exercent leur m\u00e9tier et soutient les jeunes dipl\u00f4m\u00e9s dans le d\u00e9veloppement de leur enseignement de yoga.<\/p>\n\n\n\n<p>A destination des \u00e9l\u00e8ves de yoga et du public non pratiquant de yoga, IFY Sud favorise la transmission culturelle du yoga \u00e0 travers l\u2019\u00e9dition d\u2019une revue semestrielle \u00ab Les mots Du Yoga \u00bb, des articles publi\u00e9s sur le site, des rencontres et conf\u00e9rences, des ateliers, des formations originales ainsi que des sorties en nature et dans la r\u00e9gion, avec les riches comp\u00e9tences d\u00e9tenues par les professeurs, artistes, auteurs et intervenants de notre territoire.<\/p>\n\n\n\n<p>L\u2019association compte en 2025, 39 professeurs, 7 nouveaux professeurs, 20 \u00e9l\u00e8ves en formation, 255 adh\u00e9rents simples et 2 membres actifs .<\/p>\n","protected":false},"excerpt":{"rendered":"<p>Cette association r\u00e9gionale rattach\u00e9e \u00e0 l\u2019IFY, souhaite promouvoir le yoga sous toutes ses formes et pour tous les publics, avec [&hellip;]<\/p>\n","protected":false},"author":1,"featured_media":34,"parent":0,"menu_order":0,"comment_status":"open","ping_status":"open","template":"","meta":[],"acf":[],"_links":{"self":[{"href":"https:\/\/www.ify.fr\/sud\/wp-json\/wp\/v2\/pages\/33"}],"collection":[{"href":"https:\/\/www.ify.fr\/sud\/wp-json\/wp\/v2\/pages"}],"about":[{"href":"https:\/\/www.ify.fr\/sud\/wp-json\/wp\/v2\/types\/page"}],"author":[{"embeddable":true,"href":"https:\/\/www.ify.fr\/sud\/wp-json\/wp\/v2\/users\/1"}],"replies":[{"embeddable":true,"href":"https:\/\/www.ify.fr\/sud\/wp-json\/wp\/v2\/comments?post=33"}],"version-history":[{"count":4,"href":"https:\/\/www.ify.fr\/sud\/wp-json\/wp\/v2\/pages\/33\/revisions"}],"predecessor-version":[{"id":934,"href":"https:\/\/www.ify.fr\/sud\/wp-json\/wp\/v2\/pages\/33\/revisions\/934"}],"wp:featuredmedia":[{"embeddable":true,"href":"https:\/\/www.ify.fr\/sud\/wp-json\/wp\/v2\/media\/34"}],"wp:attachment":[{"href":"https:\/\/www.ify.fr\/sud\/wp-json\/wp\/v2\/media?parent=33"}],"curies":[{"name":"wp","href":"https:\/\/api.w.org\/{rel}","templated":true}]}}

<p>Cette association régionale rattachée à l’IFY, souhaite promouvoir le yoga sous toutes ses formes et pour tous les publics, avec le soutien des professeurs qui enseignent dans les Bouches du Rhône, le Var, le Gard et les Alpes de Haute Provence. </p>



<p>A destination des enseignants, IFY Sud favorise la rencontre, les échanges de bonnes pratiques, donne la parole aux professeurs qui exercent leur métier et soutient les jeunes diplômés dans le développement de leur enseignement de yoga.</p>



<p>A destination des élèves de yoga et du public non pratiquant de yoga, IFY Sud favorise la transmission culturelle du yoga à travers l’édition d’une revue semestrielle « Les mots Du Yoga », des articles publiés sur le site, des rencontres et conférences, des ateliers, des formations originales ainsi que des sorties en nature et dans la région, avec les riches compétences détenues par les professeurs, artistes, auteurs et intervenants de notre territoire.</p>



<p>L’association compte en 2025, 39 professeurs, 7 nouveaux professeurs, 20 élèves en formation, 255 adhérents simples et 2 membres actifs .</p>

<p>Cette association régionale rattachée à l’IFY, souhaite promouvoir le yoga sous toutes ses formes et pour tous les publics, avec [&hellip;]</p>
