{"id":5,"date":"2022-06-20T11:41:33","date_gmt":"2022-06-20T09:41:33","guid":{"rendered":"https:\/\/www.ify.fr\/region-centre\/adherer-a-lify-ide\/"},"modified":"2024-02-07T16:15:48","modified_gmt":"2024-02-07T15:15:48","slug":"adherer-a-lify-rc","status":"publish","type":"page","link":"https:\/\/www.ify.fr\/region-centre\/adherer-a-lify-rc\/","title":{"rendered":"Adh\u00e9rer \u00e0 l&rsquo;IFY RC"},"content":{"rendered":"\n<h2><\/h2>\n\n\n\n<p class=\"has-medium-font-size\">Que vous soyez \u00e9l\u00e8ve d\u00e9butant ou pratiquant de longue date, en adh\u00e9rant \u00e0 l\u2019IFY, vous serez \u00e0 la fois membre de votre association r\u00e9gionale et de la f\u00e9d\u00e9ration nationale.<\/p>\n\n\n\n<p class=\"has-medium-font-size\">Il vous suffit de remplir le bulletin d\u2019adh\u00e9sion et de r\u00e9gler votre cotisation pour \u00eatre membre de l\u2019Institut Fran\u00e7ais de Yoga.<\/p>\n\n\n\n<p class=\"has-medium-font-size\">\u00a0Pour participer encore plus activement et prendre part aux votes lors de l\u2019<a href=\"https:\/\/www.ify.fr\/comment-fonctionne-lify\/\">assembl\u00e9e g\u00e9n\u00e9rale<\/a>, vous devez adh\u00e9rer en tant que \u00ab\u00a0membre actif\u00a0\u00bb ou vous orienter vers une formation\u00a0<a href=\"https:\/\/www.ify.fr\/la-demarche\/\">pour devenir enseignant<\/a>.<\/p>\n\n\n\n<figure class=\"wp-block-image size-full is-resized is-style-default\"><img loading=\"lazy\" src=\"https:\/\/www.ify.fr\/region-centre\/wp-content\/uploads\/sites\/10\/2024\/02\/Cotisations-2023-24.png\" alt=\"\" class=\"wp-image-429\" width=\"561\" height=\"264\" srcset=\"https:\/\/www.ify.fr\/region-centre\/wp-content\/uploads\/sites\/10\/2024\/02\/Cotisations-2023-24.png 748w, https:\/\/www.ify.fr\/region-centre\/wp-content\/uploads\/sites\/10\/2024\/02\/Cotisations-2023-24-300x141.png 300w\" sizes=\"(max-width: 561px) 100vw, 561px\" \/><figcaption><strong>Adh\u00e9sions 2023-2024<\/strong><\/figcaption><\/figure>\n\n\n\n<p><\/p>\n","protected":false},"excerpt":{"rendered":"<p>Que vous soyez \u00e9l\u00e8ve d\u00e9butant ou pratiquant de longue date, en adh\u00e9rant \u00e0 l\u2019IFY, vous serez \u00e0 la fois membre [&hellip;]<\/p>\n","protected":false},"author":1,"featured_media":0,"parent":0,"menu_order":0,"comment_status":"closed","ping_status":"closed","template":"","meta":[],"acf":[],"_links":{"self":[{"href":"https:\/\/www.ify.fr\/region-centre\/wp-json\/wp\/v2\/pages\/5"}],"collection":[{"href":"https:\/\/www.ify.fr\/region-centre\/wp-json\/wp\/v2\/pages"}],"about":[{"href":"https:\/\/www.ify.fr\/region-centre\/wp-json\/wp\/v2\/types\/page"}],"author":[{"embeddable":true,"href":"https:\/\/www.ify.fr\/region-centre\/wp-json\/wp\/v2\/users\/1"}],"replies":[{"embeddable":true,"href":"https:\/\/www.ify.fr\/region-centre\/wp-json\/wp\/v2\/comments?post=5"}],"version-history":[{"count":6,"href":"https:\/\/www.ify.fr\/region-centre\/wp-json\/wp\/v2\/pages\/5\/revisions"}],"predecessor-version":[{"id":430,"href":"https:\/\/www.ify.fr\/region-centre\/wp-json\/wp\/v2\/pages\/5\/revisions\/430"}],"wp:attachment":[{"href":"https:\/\/www.ify.fr\/region-centre\/wp-json\/wp\/v2\/media?parent=5"}],"curies":[{"name":"wp","href":"https:\/\/api.w.org\/{rel}","templated":true}]}}

Adhérer à l&rsquo;IFY RC

<h2></h2>



<p class="has-medium-font-size">Que vous soyez élève débutant ou pratiquant de longue date, en adhérant à l’IFY, vous serez à la fois membre de votre association régionale et de la fédération nationale.</p>



<p class="has-medium-font-size">Il vous suffit de remplir le bulletin d’adhésion et de régler votre cotisation pour être membre de l’Institut Français de Yoga.</p>



<p class="has-medium-font-size"> Pour participer encore plus activement et prendre part aux votes lors de l’<a href="https://www.ify.fr/comment-fonctionne-lify/">assemblée générale</a>, vous devez adhérer en tant que « membre actif » ou vous orienter vers une formation <a href="https://www.ify.fr/la-demarche/">pour devenir enseignant</a>.</p>



<figure class="wp-block-image size-full is-resized is-style-default"><img loading="lazy" src="https://www.ify.fr/region-centre/wp-content/uploads/sites/10/2024/02/Cotisations-2023-24.png" alt="" class="wp-image-429" width="561" height="264" srcset="https://www.ify.fr/region-centre/wp-content/uploads/sites/10/2024/02/Cotisations-2023-24.png 748w, https://www.ify.fr/region-centre/wp-content/uploads/sites/10/2024/02/Cotisations-2023-24-300x141.png 300w" sizes="(max-width: 561px) 100vw, 561px" /><figcaption><strong>Adhésions 2023-2024</strong></figcaption></figure>



<p></p>

<p>Que vous soyez élève débutant ou pratiquant de longue date, en adhérant à l’IFY, vous serez à la fois membre [&hellip;]</p>
