{"id":4,"date":"2022-06-20T11:41:33","date_gmt":"2022-06-20T09:41:33","guid":{"rendered":"https:\/\/www.ify.fr\/region-centre\/accueil\/"},"modified":"2025-03-27T00:07:41","modified_gmt":"2025-03-26T23:07:41","slug":"accueil","status":"publish","type":"page","link":"https:\/\/www.ify.fr\/region-centre\/","title":{"rendered":"Accueil"},"content":{"rendered":"\n<h2 id=\"bienvenue-sur-le-site-de-l-ify-region-centre\">Bienvenue sur le site de l\u2019IFY R\u00e9gion Centre<\/h2>\n\n\n\n<figure class=\"wp-block-image alignfull size-large is-style-default\"><img loading=\"lazy\" width=\"1024\" height=\"449\" src=\"https:\/\/www.ify.fr\/region-centre\/wp-content\/uploads\/sites\/10\/2023\/01\/Loire-1024x449.jpg\" alt=\"\" class=\"wp-image-166\" srcset=\"https:\/\/www.ify.fr\/region-centre\/wp-content\/uploads\/sites\/10\/2023\/01\/Loire-1024x449.jpg 1024w, https:\/\/www.ify.fr\/region-centre\/wp-content\/uploads\/sites\/10\/2023\/01\/Loire-300x132.jpg 300w, https:\/\/www.ify.fr\/region-centre\/wp-content\/uploads\/sites\/10\/2023\/01\/Loire-768x337.jpg 768w, https:\/\/www.ify.fr\/region-centre\/wp-content\/uploads\/sites\/10\/2023\/01\/Loire-1536x674.jpg 1536w, https:\/\/www.ify.fr\/region-centre\/wp-content\/uploads\/sites\/10\/2023\/01\/Loire.jpg 1772w\" sizes=\"(max-width: 1024px) 100vw, 1024px\" \/><\/figure>\n\n\n\n<p class=\"has-medium-font-size\"><strong>L\u00b4INSTITUT FRAN\u00c7AIS DE YOGA REGION CENTRE (IFYRC)<\/strong> est une association r\u00e9gie par la loi de 1901. Avec douze autres associations r\u00e9gionales, l\u2019IFYRC fait partie de la f\u00e9d\u00e9ration Institut Fran\u00e7ais de Yoga (IFY), membre de l\u2019Union Europ\u00e9enne de Yoga (UEY).<\/p>\n\n\n\n<section class=\"wp-container-69e498eb42f8d wp-block-group\"><div class=\"wp-block-group__inner-container\">\n<div class=\"wp-block-columns are-vertically-aligned-center\">\n<div class=\"wp-block-column is-vertically-aligned-center\" style=\"flex-basis:38%\">\n<p class=\"has-medium-font-size\">Notre association a \u00e9t\u00e9 fond\u00e9e en 1998 sous le nom de Viniyoga R\u00e9gion Centre (VRC) puis et est devenue officiellement Institut Fran\u00e7ais de Yoga R\u00e9gion Centre en 2005. Son projet \u00e9tait de regrouper les professeurs et les \u00e9l\u00e8ves habitant le long de La Loire sur six d\u00e9partements&nbsp;: le Cher (18), l\u2019Eure et Loir (28), l\u2019Indre (36), l\u2019Indre et Loire (37), le Loir et Cher (41) et le Loiret (45).<\/p>\n\n\n\n<p class=\"has-text-align-left has-medium-font-size\">Nous rassemblons aujourd&rsquo;hui une centaine d&rsquo;adh\u00e9rents dont 8 professeurs form\u00e9s et\/ou reconnus par l&rsquo;IFY. Pour r\u00e9aliser ses objectifs que sont l&rsquo;enseignement et la promotion du Yoga, notre association organise des ateliers et publie pour ses adh\u00e9rents un bulletin deux fois par an.<\/p>\n<\/div>\n\n\n\n<div class=\"wp-block-column is-vertically-aligned-center\">\n<div class=\"wp-block-group encart-citation\"><div class=\"wp-block-group__inner-container\">\n<p class=\"has-text-align-center\"><\/p>\n<\/div><\/div>\n\n\n\n<div class=\"wp-container-69e498eb42ba7 wp-block-buttons btn_cta\">\n<div class=\"wp-block-button\"><a class=\"wp-block-button__link has-couleur-2-background-color has-background\" href=\"https:\/\/www.ify.fr\/region-centre\/trouver-un-cours\/\">Trouver un cours<\/a><\/div>\n\n\n\n<div class=\"wp-block-button\"><a class=\"wp-block-button__link has-couleur-1-background-color has-background\" href=\"https:\/\/www.ify.fr\/region-centre\/trouver-un-professeur\/\">Trouver un professeur<\/a><\/div>\n\n\n\n<div class=\"wp-block-button\"><a class=\"wp-block-button__link has-couleur-3-background-color has-background\" href=\"https:\/\/www.ify.fr\/region-centre\/trouver-un-stage\/\">Trouver un stage<\/a><\/div>\n<\/div>\n<\/div>\n<\/div>\n<\/div><\/section>\n\n\n\n<section class=\"wp-container-69e498eb4710a wp-block-group has-bg-2-background-color has-background\"><div class=\"wp-block-group__inner-container\">\n<h2 class=\"has-text-align-center\" id=\"les-dernieres-actualites-de-l-ify-region-centre\">Les derni\u00e8res actualit\u00e9s de L\u2019IFY R\u00e9gion Centre<\/h2>\n\n\n\n<div class=\"wp-container-69e498eb46924 wp-block-query\"><ul class=\"wp-container-69e498eb4654f is-flex-container columns-3 diaporama-mob wp-block-post-template\"><li class=\"wp-block-post post-433 actualite type-actualite status-publish has-post-thumbnail hentry actualite-categorie-les-ateliers\">\n<figure class=\"wp-container-69e498eb4477d alignwide wp-block-post-featured-image\"><a href=\"https:\/\/www.ify.fr\/region-centre\/actualite\/yoga-et-equilibres\/\"><img width=\"1536\" height=\"1024\" src=\"https:\/\/www.ify.fr\/region-centre\/wp-content\/uploads\/sites\/10\/2025\/02\/Chakra-sacre.webp\" class=\"attachment-post-thumbnail size-post-thumbnail wp-post-image\" alt=\"\" loading=\"lazy\" srcset=\"https:\/\/www.ify.fr\/region-centre\/wp-content\/uploads\/sites\/10\/2025\/02\/Chakra-sacre.webp 1536w, https:\/\/www.ify.fr\/region-centre\/wp-content\/uploads\/sites\/10\/2025\/02\/Chakra-sacre-300x200.webp 300w, https:\/\/www.ify.fr\/region-centre\/wp-content\/uploads\/sites\/10\/2025\/02\/Chakra-sacre-1024x683.webp 1024w, https:\/\/www.ify.fr\/region-centre\/wp-content\/uploads\/sites\/10\/2025\/02\/Chakra-sacre-768x512.webp 768w\" sizes=\"(max-width: 1536px) 100vw, 1536px\" \/><\/a><\/figure>\n\n<div class=\"taxonomy-actualite-categorie wp-block-post-terms\"><a href=\"https:\/\/www.ify.fr\/region-centre\/actualite-categorie\/les-ateliers\/\" rel=\"tag\">Les ateliers<\/a><\/div>\n\n<h2 class=\"wp-block-post-title\"><a href=\"https:\/\/www.ify.fr\/region-centre\/actualite\/yoga-et-equilibres\/\" target=\"_self\" rel=\"\">YOGA et VENTRE, notre deuxi\u00e8me cerveau<\/a><\/h2>\n\n<div class=\"wp-block-post-excerpt\"><p class=\"wp-block-post-excerpt__excerpt\">Avec Isabelle Pauvr\u00e9 Dimanche 22 mars 2025 \u00e0 INGRE de 10h \u00e0 13h<\/p><p class=\"wp-block-post-excerpt__more-text\"><a class=\"wp-block-post-excerpt__more-link\" href=\"https:\/\/www.ify.fr\/region-centre\/actualite\/yoga-et-equilibres\/\">Lire l&rsquo;article<\/a><\/p><\/div>\n<\/li><li class=\"wp-block-post post-372 actualite type-actualite status-publish has-post-thumbnail hentry actualite-categorie-les-ateliers\">\n<figure class=\"wp-container-69e498eb453f0 alignwide wp-block-post-featured-image\"><a href=\"https:\/\/www.ify.fr\/region-centre\/actualite\/372\/\"><img width=\"838\" height=\"539\" src=\"https:\/\/www.ify.fr\/region-centre\/wp-content\/uploads\/sites\/10\/2026\/01\/mandala-image.jpg\" class=\"attachment-post-thumbnail size-post-thumbnail wp-post-image\" alt=\"\" loading=\"lazy\" srcset=\"https:\/\/www.ify.fr\/region-centre\/wp-content\/uploads\/sites\/10\/2026\/01\/mandala-image.jpg 838w, https:\/\/www.ify.fr\/region-centre\/wp-content\/uploads\/sites\/10\/2026\/01\/mandala-image-300x193.jpg 300w, https:\/\/www.ify.fr\/region-centre\/wp-content\/uploads\/sites\/10\/2026\/01\/mandala-image-768x494.jpg 768w\" sizes=\"(max-width: 838px) 100vw, 838px\" \/><\/a><\/figure>\n\n<div class=\"taxonomy-actualite-categorie wp-block-post-terms\"><a href=\"https:\/\/www.ify.fr\/region-centre\/actualite-categorie\/les-ateliers\/\" rel=\"tag\">Les ateliers<\/a><\/div>\n\n<h2 class=\"wp-block-post-title\"><a href=\"https:\/\/www.ify.fr\/region-centre\/actualite\/372\/\" target=\"_self\" rel=\"\">YOGA SUTRA EN HISTOIRE et MANDALA<\/a><\/h2>\n\n<div class=\"wp-block-post-excerpt\"><p class=\"wp-block-post-excerpt__excerpt\">Avec Thierry Jumeau Dimanche 8 f\u00e9vrier 2026 \u00e0 ORMES de 9h30 \u00e0 16h30<\/p><p class=\"wp-block-post-excerpt__more-text\"><a class=\"wp-block-post-excerpt__more-link\" href=\"https:\/\/www.ify.fr\/region-centre\/actualite\/372\/\">Lire l&rsquo;article<\/a><\/p><\/div>\n<\/li><li class=\"wp-block-post post-219 actualite type-actualite status-publish has-post-thumbnail hentry actualite-categorie-le-bulletin-de-liaison\">\n<figure class=\"wp-container-69e498eb45fa2 alignwide wp-block-post-featured-image\"><a href=\"https:\/\/www.ify.fr\/region-centre\/actualite\/le-bulletin-de-liaison\/\"><img width=\"1108\" height=\"740\" src=\"https:\/\/www.ify.fr\/region-centre\/wp-content\/uploads\/sites\/10\/2026\/01\/bulletin-57-image.jpg\" class=\"attachment-post-thumbnail size-post-thumbnail wp-post-image\" alt=\"\" loading=\"lazy\" srcset=\"https:\/\/www.ify.fr\/region-centre\/wp-content\/uploads\/sites\/10\/2026\/01\/bulletin-57-image.jpg 1108w, https:\/\/www.ify.fr\/region-centre\/wp-content\/uploads\/sites\/10\/2026\/01\/bulletin-57-image-300x200.jpg 300w, https:\/\/www.ify.fr\/region-centre\/wp-content\/uploads\/sites\/10\/2026\/01\/bulletin-57-image-1024x684.jpg 1024w, https:\/\/www.ify.fr\/region-centre\/wp-content\/uploads\/sites\/10\/2026\/01\/bulletin-57-image-768x513.jpg 768w\" sizes=\"(max-width: 1108px) 100vw, 1108px\" \/><\/a><\/figure>\n\n<div class=\"taxonomy-actualite-categorie wp-block-post-terms\"><a href=\"https:\/\/www.ify.fr\/region-centre\/actualite-categorie\/le-bulletin-de-liaison\/\" rel=\"tag\">Le Bulletin de liaison<\/a><\/div>\n\n<h2 class=\"wp-block-post-title\"><a href=\"https:\/\/www.ify.fr\/region-centre\/actualite\/le-bulletin-de-liaison\/\" target=\"_self\" rel=\"\">Nouveau: Le Bulletin de liaison<\/a><\/h2>\n\n<div class=\"wp-block-post-excerpt\"><p class=\"wp-block-post-excerpt__excerpt\">Le Bulletin de Liaison Num\u00e9ro 57 de Novembre-D\u00e9cembre 2025 vient de para\u00eetre. Ce num\u00e9ro vous sera remis gratuitement si vous [&hellip;]<\/p><p class=\"wp-block-post-excerpt__more-text\"><a class=\"wp-block-post-excerpt__more-link\" href=\"https:\/\/www.ify.fr\/region-centre\/actualite\/le-bulletin-de-liaison\/\">Lire l&rsquo;article<\/a><\/p><\/div>\n<\/li><\/ul><\/div>\n\n\n\n<div class=\"wp-container-69e498eb46d40 wp-block-buttons\">\n<div class=\"wp-block-button\"><a class=\"wp-block-button__link has-couleur-2-background-color has-background\" href=\"\/region-centre\/actualite\/\">Voir toutes les actus<\/a><\/div>\n<\/div>\n<\/div><\/section>\n\n\n\n<p><\/p>\n","protected":false},"excerpt":{"rendered":"<p>Bienvenue sur le site de l\u2019IFY R\u00e9gion Centre L\u00b4INSTITUT FRAN\u00c7AIS DE YOGA REGION CENTRE (IFYRC) est une association r\u00e9gie par [&hellip;]<\/p>\n","protected":false},"author":1,"featured_media":166,"parent":0,"menu_order":0,"comment_status":"open","ping_status":"open","template":"","meta":[],"acf":[],"_links":{"self":[{"href":"https:\/\/www.ify.fr\/region-centre\/wp-json\/wp\/v2\/pages\/4"}],"collection":[{"href":"https:\/\/www.ify.fr\/region-centre\/wp-json\/wp\/v2\/pages"}],"about":[{"href":"https:\/\/www.ify.fr\/region-centre\/wp-json\/wp\/v2\/types\/page"}],"author":[{"embeddable":true,"href":"https:\/\/www.ify.fr\/region-centre\/wp-json\/wp\/v2\/users\/1"}],"replies":[{"embeddable":true,"href":"https:\/\/www.ify.fr\/region-centre\/wp-json\/wp\/v2\/comments?post=4"}],"version-history":[{"count":6,"href":"https:\/\/www.ify.fr\/region-centre\/wp-json\/wp\/v2\/pages\/4\/revisions"}],"predecessor-version":[{"id":580,"href":"https:\/\/www.ify.fr\/region-centre\/wp-json\/wp\/v2\/pages\/4\/revisions\/580"}],"wp:featuredmedia":[{"embeddable":true,"href":"https:\/\/www.ify.fr\/region-centre\/wp-json\/wp\/v2\/media\/166"}],"wp:attachment":[{"href":"https:\/\/www.ify.fr\/region-centre\/wp-json\/wp\/v2\/media?parent=4"}],"curies":[{"name":"wp","href":"https:\/\/api.w.org\/{rel}","templated":true}]}}