{"id":1860,"date":"2025-10-06T14:53:49","date_gmt":"2025-10-06T12:53:49","guid":{"rendered":"https:\/\/www.ify.fr\/poitou-charentes\/?page_id=1860"},"modified":"2025-10-06T14:53:49","modified_gmt":"2025-10-06T12:53:49","slug":"infos-pratiques-post-formation-novembre-2025-et-janvier-2026","status":"publish","type":"page","link":"https:\/\/www.ify.fr\/poitou-charentes\/infos-pratiques-post-formation-novembre-2025-et-janvier-2026\/","title":{"rendered":"Infos pratiques post formation novembre 2025 et janvier 2026"},"content":{"rendered":"\n<p>L\u2019inscription se fait d\u00e8s \u00e0 pr\u00e9sent en renvoyant \u00e0 Claudine Boulestin le coupon r\u00e9ponse accompagn\u00e9 de deux ch\u00e8ques de 95 euros libell\u00e9s \u00e0 l\u2019ordre de IFY Poitou-Charentes.<br>Les ch\u00e8ques seront encaiss\u00e9s respectivement apr\u00e8s chaque week-end de formation.<\/p>\n\n\n\n<p><br>R\u00e9ponse souhait\u00e9e : <strong>20 octobre 2025<\/strong><\/p>\n\n\n\n<p><br><em><strong>Pour rappel, la l\u00e9gislation nous oblige \u00e0 \u00eatre \u00e0 jour de notre adh\u00e9sion 2025\/2026 pour pouvoir y participer.<\/strong><\/em><\/p>\n\n\n\n<div class=\"wp-container-69f4c289b773a wp-block-buttons\">\n<div class=\"wp-block-button\"><a class=\"wp-block-button__link\" href=\"https:\/\/www.ify.fr\/poitou-charentes\/wp-content\/uploads\/sites\/9\/2025\/10\/Stage-et-Bulletin-inscription-Post-formation-25-26-MFGarcia-coupon-reponse-seul.pdf\" target=\"_blank\" rel=\"noreferrer noopener\">coupon r\u00e9ponse<\/a><\/div>\n<\/div>\n\n\n\n<p>Le stage se d\u00e9roulera dans la salle de la motricit\u00e9 de l\u2019\u00e9cole maternelle du bourg, 75 route de la Pr\u00e9v\u00f4terie16590 Brie. Parking gratuit sur place.<\/p>\n","protected":false},"excerpt":{"rendered":"<p>L\u2019inscription se fait d\u00e8s \u00e0 pr\u00e9sent en renvoyant \u00e0 Claudine Boulestin le coupon r\u00e9ponse accompagn\u00e9 de deux ch\u00e8ques de 95 [&hellip;]<\/p>\n","protected":false},"author":7,"featured_media":0,"parent":0,"menu_order":0,"comment_status":"closed","ping_status":"closed","template":"","meta":[],"acf":[],"_links":{"self":[{"href":"https:\/\/www.ify.fr\/poitou-charentes\/wp-json\/wp\/v2\/pages\/1860"}],"collection":[{"href":"https:\/\/www.ify.fr\/poitou-charentes\/wp-json\/wp\/v2\/pages"}],"about":[{"href":"https:\/\/www.ify.fr\/poitou-charentes\/wp-json\/wp\/v2\/types\/page"}],"author":[{"embeddable":true,"href":"https:\/\/www.ify.fr\/poitou-charentes\/wp-json\/wp\/v2\/users\/7"}],"replies":[{"embeddable":true,"href":"https:\/\/www.ify.fr\/poitou-charentes\/wp-json\/wp\/v2\/comments?post=1860"}],"version-history":[{"count":3,"href":"https:\/\/www.ify.fr\/poitou-charentes\/wp-json\/wp\/v2\/pages\/1860\/revisions"}],"predecessor-version":[{"id":1864,"href":"https:\/\/www.ify.fr\/poitou-charentes\/wp-json\/wp\/v2\/pages\/1860\/revisions\/1864"}],"wp:attachment":[{"href":"https:\/\/www.ify.fr\/poitou-charentes\/wp-json\/wp\/v2\/media?parent=1860"}],"curies":[{"name":"wp","href":"https:\/\/api.w.org\/{rel}","templated":true}]}}

<p>L’inscription se fait dès à présent en renvoyant à Claudine Boulestin le coupon réponse accompagné de deux chèques de 95 euros libellés à l’ordre de IFY Poitou-Charentes.<br>Les chèques seront encaissés respectivement après chaque week-end de formation.</p>



<p><br>Réponse souhaitée : <strong>20 octobre 2025</strong></p>



<p><br><em><strong>Pour rappel, la législation nous oblige à être à jour de notre adhésion 2025/2026 pour pouvoir y participer.</strong></em></p>



<div class="wp-container-69f4c289b773a wp-block-buttons">
<div class="wp-block-button"><a class="wp-block-button__link" href="https://www.ify.fr/poitou-charentes/wp-content/uploads/sites/9/2025/10/Stage-et-Bulletin-inscription-Post-formation-25-26-MFGarcia-coupon-reponse-seul.pdf" target="_blank" rel="noreferrer noopener">coupon réponse</a></div>
</div>



<p>Le stage se déroulera dans la salle de la motricité de l’école maternelle du bourg, 75 route de la Prévôterie16590 Brie. Parking gratuit sur place.</p>

<p>L’inscription se fait dès à présent en renvoyant à Claudine Boulestin le coupon réponse accompagné de deux chèques de 95 [&hellip;]</p>
