{"id":1261,"date":"2024-09-03T13:00:37","date_gmt":"2024-09-03T11:00:37","guid":{"rendered":"https:\/\/www.ify.fr\/poitou-charentes\/?page_id=1261"},"modified":"2024-09-13T13:52:52","modified_gmt":"2024-09-13T11:52:52","slug":"elisabeth-remy","status":"publish","type":"page","link":"https:\/\/www.ify.fr\/poitou-charentes\/accueil\/elisabeth-remy\/","title":{"rendered":"Elisabeth R\u00e9my"},"content":{"rendered":"\n<div class=\"wp-block-columns\">\n<div class=\"wp-block-column\" style=\"flex-basis:100%\">\n<div class=\"wp-block-columns\">\n<div class=\"wp-block-column\"><\/div>\n\n\n\n<div class=\"wp-block-column\">\n<figure class=\"wp-block-image size-full is-style-default\"><img loading=\"lazy\" width=\"207\" height=\"244\" src=\"https:\/\/www.ify.fr\/poitou-charentes\/wp-content\/uploads\/sites\/9\/2024\/09\/Elisabeth-Remy.jpg\" alt=\"\" class=\"wp-image-1319\" \/><\/figure>\n<\/div>\n\n\n\n<div class=\"wp-block-column\"><\/div>\n<\/div>\n<\/div>\n<\/div>\n\n\n\n<h2 class=\"has-text-align-center\" id=\"biographie\">Biographie<\/h2>\n\n\n\n<p>Elisabeth Remy vit en Normandie, pr\u00e8s de Cherbourg. Form\u00e9e \u00e0 Lille par Claude Mar\u00e9chal et Frans Moors, elle donne des cours de yoga depuis 1986. En 2002, elle commence \u00e0 former des enseignants de yoga au sein de l\u2019Institut Fran\u00e7ais de Yoga. Etudiant avec Simone Moors depuis 1990, elle assure aussi des formations de chant v\u00e9dique. Elle organise r\u00e9guli\u00e8rement pour ses \u00e9l\u00e8ves des s\u00e9minaires en Inde au KYM \u00e0 Chennai o\u00f9 enseignait TKV Desikachar.&nbsp;<\/p>\n\n\n\n<h2 class=\"has-text-align-center\" id=\"pratyahara-regarder-entendre-bouger-ressentir\">Praty\u0101h\u0101ra&nbsp;: Regarder, entendre, bouger, ressentir&#8230;<\/h2>\n\n\n\n<p>La Bhagavad Gita nous enseigne au chapitre 2, strophe 67 et 68&nbsp;:<br><em>\u00ab&nbsp;Comme une temp\u00eate malm\u00e8ne sur l\u2019oc\u00e9an un bateau, il suffit que l\u2019un des sens entraine le mental pour que l\u2019intelligence soit emport\u00e9e&nbsp;\u00bb<\/em>.<br>Exp\u00e9rimenter sur le tapis comment utiliser au mieux nos <strong><em>organes de perception et d\u2019action<\/em><\/strong>.<br>Cheminer ainsi vers l\u2019<strong><em>apaisement du mental<\/em><\/strong> et une meilleure <strong><em>compr\u00e9hension du monde<\/em><\/strong>.<br>Mettre la pratique du <strong><em>yoga<\/em><\/strong> au service de notre <strong><em>harmonie<\/em><\/strong>.<\/p>\n\n\n\n<h2 class=\"has-text-align-center\" id=\"infos-pratiques\">Infos pratiques<\/h2>\n\n\n\n<p><strong>Lieu <\/strong>: Salle \u00ab Morisson \u00bb 11 bis rue de la Charente 16290 HIERSAC<br><strong>Date et Heures<\/strong> : <br>le 5 octobre de 9h30 \u00e0 18h30<br>Le 6 octobre de 7h45\/ 8h35 : Pratique matinale pour les volontaires suivie d\u2019un petit d\u00e9jeuner ou de 9h30 \u00e0 16h30<br><strong>Co\u00fbt <\/strong>: <br>Adh\u00e9rents : 70\u20ac<br>Non adh\u00e9rents : 70\u20ac + 20\u20ac d&rsquo;adh\u00e9sion<br>Ch\u00e8que \u00e0 l\u2019ordre de : IFY Poitou-Charentes<br><strong>Contact <\/strong>: Claudine Boulestin 06 67 28 14 75<br>Pour le stage, apporter tapis de pratique, petit banc et pique-nique convivial \u00e0 partager. N\u2019oubliez pas plaid et pull en fonction de la<br>m\u00e9t\u00e9o.<br>En cas de d\u00e9sistement 7 jours avant le stage, il n\u2019y aura aucun remboursement sauf cas majeur document\u00e9.<\/p>\n\n\n\n<p><\/p>\n\n\n\n<p><\/p>\n\n\n\n<p><\/p>\n\n\n\n<p><\/p>\n\n\n\n<p>Pratiques, th\u00e9orie, ateliers et moments de partage alterneront pendant ce week-end.<\/p>\n\n\n\n<p><\/p>\n\n\n\n<p><\/p>\n\n\n\n<p><\/p>\n\n\n\n<p><\/p>\n\n\n\n<p><\/p>\n\n\n\n<p><\/p>\n\n\n\n<p><\/p>\n\n\n\n<p><\/p>\n","protected":false},"excerpt":{"rendered":"<p>Biographie Elisabeth Remy vit en Normandie, pr\u00e8s de Cherbourg. Form\u00e9e \u00e0 Lille par Claude Mar\u00e9chal et Frans Moors, elle donne [&hellip;]<\/p>\n","protected":false},"author":7,"featured_media":0,"parent":4,"menu_order":0,"comment_status":"closed","ping_status":"closed","template":"","meta":[],"acf":[],"_links":{"self":[{"href":"https:\/\/www.ify.fr\/poitou-charentes\/wp-json\/wp\/v2\/pages\/1261"}],"collection":[{"href":"https:\/\/www.ify.fr\/poitou-charentes\/wp-json\/wp\/v2\/pages"}],"about":[{"href":"https:\/\/www.ify.fr\/poitou-charentes\/wp-json\/wp\/v2\/types\/page"}],"author":[{"embeddable":true,"href":"https:\/\/www.ify.fr\/poitou-charentes\/wp-json\/wp\/v2\/users\/7"}],"replies":[{"embeddable":true,"href":"https:\/\/www.ify.fr\/poitou-charentes\/wp-json\/wp\/v2\/comments?post=1261"}],"version-history":[{"count":5,"href":"https:\/\/www.ify.fr\/poitou-charentes\/wp-json\/wp\/v2\/pages\/1261\/revisions"}],"predecessor-version":[{"id":1322,"href":"https:\/\/www.ify.fr\/poitou-charentes\/wp-json\/wp\/v2\/pages\/1261\/revisions\/1322"}],"up":[{"embeddable":true,"href":"https:\/\/www.ify.fr\/poitou-charentes\/wp-json\/wp\/v2\/pages\/4"}],"wp:attachment":[{"href":"https:\/\/www.ify.fr\/poitou-charentes\/wp-json\/wp\/v2\/media?parent=1261"}],"curies":[{"name":"wp","href":"https:\/\/api.w.org\/{rel}","templated":true}]}}