{"id":1153,"date":"2024-06-17T10:52:35","date_gmt":"2024-06-17T08:52:35","guid":{"rendered":"https:\/\/www.ify.fr\/poitou-charentes\/?page_id=1153"},"modified":"2024-06-17T13:08:39","modified_gmt":"2024-06-17T11:08:39","slug":"biblio-le-trimestriel-viniyoga","status":"publish","type":"page","link":"https:\/\/www.ify.fr\/poitou-charentes\/bibliographie\/biblio-le-trimestriel-viniyoga\/","title":{"rendered":"Le trimestriel Viniyoga"},"content":{"rendered":"\n<p>Une revue francophone qui a fait date dans l\u2019approfondissement et la connaissance du yoga. \u00c9tudes de postures, commentaire du&nbsp;<em>Yoga-S\u00fbtra,&nbsp;<\/em>enseignement de Krishnamacharya et de T.K.V.Desikachar, s\u00e9quences pratiques comment\u00e9es.<\/p>\n\n\n\n<p>Des lacunes dans la collection.<\/p>\n\n\n\n<ul><li>collection compl\u00e8te du 6 au 40<\/li><li>48<\/li><li>51, 56, 58,<\/li><li>62, 63, 66,<\/li><li>72, 73, 75, 76,<\/li><li>94, 95, 96, <\/li><li>102, 103<\/li><\/ul>\n\n\n\n<p>A signaler : le num\u00e9ro 24, consacr\u00e9 \u00e0 Krishnamacharya et le num\u00e9ro 37 sur l'\u00a0\u00bbesprit Viniyoga\u00a0\u00bb.<\/p>\n","protected":false},"excerpt":{"rendered":"<p>Une revue francophone qui a fait date dans l\u2019approfondissement et la connaissance du yoga. \u00c9tudes de postures, commentaire du&nbsp;Yoga-S\u00fbtra,&nbsp;enseignement de [&hellip;]<\/p>\n","protected":false},"author":7,"featured_media":0,"parent":6,"menu_order":1,"comment_status":"closed","ping_status":"closed","template":"","meta":[],"acf":[],"_links":{"self":[{"href":"https:\/\/www.ify.fr\/poitou-charentes\/wp-json\/wp\/v2\/pages\/1153"}],"collection":[{"href":"https:\/\/www.ify.fr\/poitou-charentes\/wp-json\/wp\/v2\/pages"}],"about":[{"href":"https:\/\/www.ify.fr\/poitou-charentes\/wp-json\/wp\/v2\/types\/page"}],"author":[{"embeddable":true,"href":"https:\/\/www.ify.fr\/poitou-charentes\/wp-json\/wp\/v2\/users\/7"}],"replies":[{"embeddable":true,"href":"https:\/\/www.ify.fr\/poitou-charentes\/wp-json\/wp\/v2\/comments?post=1153"}],"version-history":[{"count":4,"href":"https:\/\/www.ify.fr\/poitou-charentes\/wp-json\/wp\/v2\/pages\/1153\/revisions"}],"predecessor-version":[{"id":1178,"href":"https:\/\/www.ify.fr\/poitou-charentes\/wp-json\/wp\/v2\/pages\/1153\/revisions\/1178"}],"up":[{"embeddable":true,"href":"https:\/\/www.ify.fr\/poitou-charentes\/wp-json\/wp\/v2\/pages\/6"}],"wp:attachment":[{"href":"https:\/\/www.ify.fr\/poitou-charentes\/wp-json\/wp\/v2\/media?parent=1153"}],"curies":[{"name":"wp","href":"https:\/\/api.w.org\/{rel}","templated":true}]}}