{"id":1002,"date":"2024-03-01T13:24:15","date_gmt":"2024-03-01T12:24:15","guid":{"rendered":"https:\/\/www.ify.fr\/poitou-charentes\/?page_id=1002"},"modified":"2024-06-17T14:40:07","modified_gmt":"2024-06-17T12:40:07","slug":"livres-bibliotheque-grands-textes-sanskrits","status":"publish","type":"page","link":"https:\/\/www.ify.fr\/poitou-charentes\/bibliographie\/livres-bibliotheque-grands-textes-sanskrits\/","title":{"rendered":"Grands textes sanskrits"},"content":{"rendered":"\n<ul><li><em>Aper\u00e7us d&rsquo;Aper\u00e7us<\/em>, \u00e9d. YTE, Narbonne : Pr\u00e9sentation des 8 membres du yoga par Martyn Neal<\/li><li>Fran\u00e7ois Lorin, <em>Le Livre du Maintenant, Pour d\u00e9nouer le fil de l&rsquo;Unit\u00e9, Le Yoga S\u00fbtra de Patanjali, \u00e9<\/em>dition IFYM, 2013, traduction et commentaires.<\/li><li>Cahier de Pr\u00e9sence d&rsquo;Esprit n\u00b0 9 <em>Yoga S\u00fbtra de Patanjali, <\/em>traduction et commentaires de Frans Moors<\/li><li>Cahier de Pr\u00e9sence d&rsquo;Esprit n\u00b014 <em>Yoga S\u00fbtra de Patanjali, <\/em>livret de chant + 2 CD chant\u00e9s par Martyn Neal<\/li><li><em>Les Yoga s\u00fbtra de Patanjali <\/em>chant\u00e9s par Nitya, cassettes audio et livret.<\/li><li><em>Hatha-Yoga-Pradipik\u00e2, <\/em>traduction, introduction et notes par Tara Micha\u00ebl, Fayard<\/li><\/ul>\n\n\n\n<ul><li><em>Initiation au chant v\u00e9dique, <\/em>1 CD par des \u00e9l\u00e8ves de Simone Tempelhof-Moors, dans la lign\u00e9e de Krishnamacharya<\/li><li><em>Aper\u00e7us d&rsquo;Aper\u00e7us, <\/em>\u00e9d. YTE : s\u00e9lection d&rsquo;articles de Robert Fajon sur textes sacr\u00e9s et chants v\u00e9diques.<\/li><\/ul>\n\n\n\n<ul><li><em>La Bhagavad G\u00eet\u00e2 , <\/em>traduction et commentaires Aurobindo, Albin Michel<\/li><li>Jean Herbert, <em>R\u00e9flexions sur la Bhagavad-G\u00eet\u00e2 vue dans son contexte, <\/em>Dervy-Livres, 1976<\/li><li>Bernard Bouanchaud, <em>Les S\u00e2mkhy\u00e2-k\u00e2rik\u00e2 d&rsquo;Ishvarakrishna, <\/em>\u00e9d. Agamat<\/li><li>Voir aussi : Aline et Michel Faure, <em>Yogaltitude. La montagne \u00e9moi, <\/em>\u00e9d. du Fournel, 2016, pour une pr\u00e9sentation des <em><u>S\u00e2mkhy\u00e2-k\u00e2rik\u00e2<\/u><\/em><em><\/em><\/li><\/ul>\n\n\n\n<ul><li>Cahier de Pr\u00e9sence d&rsquo;Esprit n\u00b0 8 T.K.V. Desikachar avec Peter Hersnack, <em>Au-del\u00e0 du corps. Essai \u00e0 partir de la Taittiriya upanisad<\/em><em><\/em><\/li><\/ul>\n\n\n\n<ul><li>Voir aussi les Cahiers de Pr\u00e9sence d&rsquo;Esprit n\u00b0 12 et 17<\/li><li>Voir aussi la revue <em>Viniyoga : <\/em>nombreux articles.<\/li><\/ul>\n","protected":false},"excerpt":{"rendered":"<p>Aper\u00e7us d&rsquo;Aper\u00e7us, \u00e9d. YTE, Narbonne : Pr\u00e9sentation des 8 membres du yoga par Martyn Neal Fran\u00e7ois Lorin, Le Livre du [&hellip;]<\/p>\n","protected":false},"author":7,"featured_media":0,"parent":6,"menu_order":10,"comment_status":"closed","ping_status":"closed","template":"","meta":[],"acf":[],"_links":{"self":[{"href":"https:\/\/www.ify.fr\/poitou-charentes\/wp-json\/wp\/v2\/pages\/1002"}],"collection":[{"href":"https:\/\/www.ify.fr\/poitou-charentes\/wp-json\/wp\/v2\/pages"}],"about":[{"href":"https:\/\/www.ify.fr\/poitou-charentes\/wp-json\/wp\/v2\/types\/page"}],"author":[{"embeddable":true,"href":"https:\/\/www.ify.fr\/poitou-charentes\/wp-json\/wp\/v2\/users\/7"}],"replies":[{"embeddable":true,"href":"https:\/\/www.ify.fr\/poitou-charentes\/wp-json\/wp\/v2\/comments?post=1002"}],"version-history":[{"count":3,"href":"https:\/\/www.ify.fr\/poitou-charentes\/wp-json\/wp\/v2\/pages\/1002\/revisions"}],"predecessor-version":[{"id":1217,"href":"https:\/\/www.ify.fr\/poitou-charentes\/wp-json\/wp\/v2\/pages\/1002\/revisions\/1217"}],"up":[{"embeddable":true,"href":"https:\/\/www.ify.fr\/poitou-charentes\/wp-json\/wp\/v2\/pages\/6"}],"wp:attachment":[{"href":"https:\/\/www.ify.fr\/poitou-charentes\/wp-json\/wp\/v2\/media?parent=1002"}],"curies":[{"name":"wp","href":"https:\/\/api.w.org\/{rel}","templated":true}]}}

<ul><li><em>Aperçus d&rsquo;Aperçus</em>, éd. YTE, Narbonne : Présentation des 8 membres du yoga par Martyn Neal</li><li>François Lorin, <em>Le Livre du Maintenant, Pour dénouer le fil de l&rsquo;Unité, Le Yoga Sûtra de Patanjali, é</em>dition IFYM, 2013, traduction et commentaires.</li><li>Cahier de Présence d&rsquo;Esprit n° 9 <em>Yoga Sûtra de Patanjali, </em>traduction et commentaires de Frans Moors</li><li>Cahier de Présence d&rsquo;Esprit n°14 <em>Yoga Sûtra de Patanjali, </em>livret de chant + 2 CD chantés par Martyn Neal</li><li><em>Les Yoga sûtra de Patanjali </em>chantés par Nitya, cassettes audio et livret.</li><li><em>Hatha-Yoga-Pradipikâ, </em>traduction, introduction et notes par Tara Michaël, Fayard</li></ul>



<ul><li><em>Initiation au chant védique, </em>1 CD par des élèves de Simone Tempelhof-Moors, dans la lignée de Krishnamacharya</li><li><em>Aperçus d&rsquo;Aperçus, </em>éd. YTE : sélection d&rsquo;articles de Robert Fajon sur textes sacrés et chants védiques.</li></ul>



<ul><li><em>La Bhagavad Gîtâ , </em>traduction et commentaires Aurobindo, Albin Michel</li><li>Jean Herbert, <em>Réflexions sur la Bhagavad-Gîtâ vue dans son contexte, </em>Dervy-Livres, 1976</li><li>Bernard Bouanchaud, <em>Les Sâmkhyâ-kârikâ d&rsquo;Ishvarakrishna, </em>éd. Agamat</li><li>Voir aussi : Aline et Michel Faure, <em>Yogaltitude. La montagne émoi, </em>éd. du Fournel, 2016, pour une présentation des <em><u>Sâmkhyâ-kârikâ</u></em><em></em></li></ul>



<ul><li>Cahier de Présence d&rsquo;Esprit n° 8 T.K.V. Desikachar avec Peter Hersnack, <em>Au-delà du corps. Essai à partir de la Taittiriya upanisad</em><em></em></li></ul>



<ul><li>Voir aussi les Cahiers de Présence d&rsquo;Esprit n° 12 et 17</li><li>Voir aussi la revue <em>Viniyoga : </em>nombreux articles.</li></ul>

<p>Aperçus d&rsquo;Aperçus, éd. YTE, Narbonne : Présentation des 8 membres du yoga par Martyn Neal François Lorin, Le Livre du [&hellip;]</p>
