{"id":7,"date":"2022-06-20T11:20:02","date_gmt":"2022-06-20T09:20:02","guid":{"rendered":"https:\/\/www.ify.fr\/paca\/bureau-et-ca\/"},"modified":"2026-03-05T17:17:30","modified_gmt":"2026-03-05T16:17:30","slug":"bureau-et-ca","status":"publish","type":"page","link":"https:\/\/www.ify.fr\/paca\/bureau-et-ca\/","title":{"rendered":"Bureau et CA"},"content":{"rendered":"\n<div class=\"wp-block-columns\">\n<div class=\"wp-block-column\">\n<p><strong>Membres du bureau<\/strong><\/p>\n\n\n\n<p>Pr\u00e9sidente :&nbsp;<a href=\"mailto:contact@ifypaca.fr\">Elisabeth MEUNIER<\/a><br>Tr\u00e9sori\u00e8re :&nbsp;<a href=\"mailto:tresorerie@ifypaca.fr\">Susanne LAUSCHER<\/a><br>Tr\u00e9sori\u00e8re adjointe : <a href=\"mailto:tresorerie@ifypaca.fr\">Christiane BOUSSELET<\/a><br>Secr\u00e9taire :&nbsp;<a href=\"mailto:secretariat@ifypaca.fr\">Singrid COTTIGNIES<\/a><br>Secr\u00e9taire adjointe :&nbsp;<a href=\"mailto:secretariat@ifypaca.fr\">Ghislaine TOULEMONDE<\/a><\/p>\n\n\n\n<p>Pr\u00e9sidente d&rsquo;honneur : Nathalie MOULIS<\/p>\n\n\n\n<p><strong>Membres du CA<\/strong><\/p>\n\n\n\n<p>Claude BURFORD<br>Martine FRITTE<br>Nikolina GIRARDY<br>Marie-C\u00e9cile LAFONT<br>Jihyun LEE-ROY<br>Giovanna LORENZONI<br>Nathalie MOULIS (Formatrice IFY)<br>Denis R\u00c9AL<br>Genevi\u00e8ve SALVAN <br>\u00c9ric SAVALLI<br><br><br><br><\/p>\n<\/div>\n\n\n\n<div class=\"wp-block-column\">\n<p><strong>Correspondance IFYPACA<\/strong><\/p>\n\n\n\n<p>Association IFYPACA<br>71 avenue des rochers<br>06160 Antibes Juan les Pins<br>T\u00e9l. : 06 20 17 25 09<\/p>\n\n\n\n<p><a href=\"mailto:secretariat@ifypaca.fr\" target=\"_blank\" rel=\"noreferrer noopener\">secretariat@ifypaca.fr<\/a><br><a href=\"mailto:contact@ifypaca.fr\">contact@ifypaca.fr<\/a><\/p>\n\n\n\n<p class=\"has-text-align-left\">***<\/p>\n\n\n\n<p><strong>Repr\u00e9sentants au CA de l&rsquo;IFY<\/strong><\/p>\n\n\n\n<p>Susanne LAUSCHER (Coll\u00e8ge des Associations, suppl\u00e9ante)<\/p>\n\n\n\n<p><\/p>\n<\/div>\n<\/div>\n","protected":false},"excerpt":{"rendered":"<p>Membres du bureau Pr\u00e9sidente :&nbsp;Elisabeth MEUNIERTr\u00e9sori\u00e8re :&nbsp;Susanne LAUSCHERTr\u00e9sori\u00e8re adjointe : Christiane BOUSSELETSecr\u00e9taire :&nbsp;Singrid COTTIGNIESSecr\u00e9taire adjointe :&nbsp;Ghislaine TOULEMONDE Pr\u00e9sidente d&rsquo;honneur : [&hellip;]<\/p>\n","protected":false},"author":1,"featured_media":325,"parent":0,"menu_order":0,"comment_status":"open","ping_status":"open","template":"","meta":[],"acf":[],"_links":{"self":[{"href":"https:\/\/www.ify.fr\/paca\/wp-json\/wp\/v2\/pages\/7"}],"collection":[{"href":"https:\/\/www.ify.fr\/paca\/wp-json\/wp\/v2\/pages"}],"about":[{"href":"https:\/\/www.ify.fr\/paca\/wp-json\/wp\/v2\/types\/page"}],"author":[{"embeddable":true,"href":"https:\/\/www.ify.fr\/paca\/wp-json\/wp\/v2\/users\/1"}],"replies":[{"embeddable":true,"href":"https:\/\/www.ify.fr\/paca\/wp-json\/wp\/v2\/comments?post=7"}],"version-history":[{"count":6,"href":"https:\/\/www.ify.fr\/paca\/wp-json\/wp\/v2\/pages\/7\/revisions"}],"predecessor-version":[{"id":763,"href":"https:\/\/www.ify.fr\/paca\/wp-json\/wp\/v2\/pages\/7\/revisions\/763"}],"wp:featuredmedia":[{"embeddable":true,"href":"https:\/\/www.ify.fr\/paca\/wp-json\/wp\/v2\/media\/325"}],"wp:attachment":[{"href":"https:\/\/www.ify.fr\/paca\/wp-json\/wp\/v2\/media?parent=7"}],"curies":[{"name":"wp","href":"https:\/\/api.w.org\/{rel}","templated":true}]}}