{"id":6,"date":"2022-06-20T11:20:02","date_gmt":"2022-06-20T09:20:02","guid":{"rendered":"https:\/\/www.ify.fr\/paca\/bibliographie\/"},"modified":"2025-11-16T22:23:37","modified_gmt":"2025-11-16T21:23:37","slug":"bibliographie","status":"publish","type":"page","link":"https:\/\/www.ify.fr\/paca\/bibliographie\/","title":{"rendered":"Associations partenaires"},"content":{"rendered":"\n<p>L&rsquo;IFY PACA noue un partenariat privil\u00e9gi\u00e9 avec les associations cr\u00e9\u00e9es par les professeures et professeurs IFY qui font adh\u00e9rer leurs \u00e9l\u00e8ves \u00e0 l&rsquo;IFY PACA et \u00e0 l&rsquo;IFY. <br><br>Pour plus de renseignements, \u00e9crivez \u00e0 : <a rel=\"noreferrer noopener\" href=\"mailto:contact@ifypaca.fr\" target=\"_blank\">contact@ifypaca.fr<\/a><\/p>\n\n\n\n<p class=\"has-couleur-2-color has-bg-2-background-color has-text-color has-background has-large-font-size\"><strong>Liste et coordonn\u00e9es des associations<\/strong><\/p>\n\n\n\n<p>\u25a0\u00a0<a style=\"font-weight: bold\" href=\"https:\/\/yogaazur.fr\/\">\u00c9QUILIBRE AZUR \/ YOGA AZUR<\/a> <br>Professeurs : <a href=\"https:\/\/yogazur.fr\">\u00c9ric Savalli<\/a>, <a href=\"https:\/\/equilibreazur.fr\/azur\/yoga-enfants\/\">Caterina Suzzi<\/a>, Jihuyn Lee, Melaine Steinbauer<br>Courriel :\u00a0<a rel=\"noreferrer noopener\" href=\"https:\/\/web.archive.org\/web\/20210311231207\/mailto:eric@yogaAzur.fr\" target=\"_blank\">eric@yogaazur.fr<\/a><br>T\u00e9l\u00e9phone : +33 (0)6 60 42 26 32<br>Lieux : Le Rouret, Roquefort-les-Pins, Ch\u00e2teauneuf-de-Grasse, Antibes, Sophia)-Antipolis et environs.<\/p>\n\n\n\n<p class=\"has-bg-2-background-color has-background\">\u25a0&nbsp;<a style=\"font-weight: bold\" href=\"https:\/\/www.yogabhoga.fr\/\">YOGA BHOGA<\/a><b> <\/b><br>Professeure : Genevi\u00e8ve Salvan<br>Courriel : <a rel=\"noreferrer noopener\" href=\"mailto:genevieve@yogabhoga.fr\" target=\"_blank\">genevieve@yogabhoga.fr<\/a><br>T\u00e9l\u00e9phone : +33 (0)6 03 46 83 63<br>Lieu : Antibes et ses environs<\/p>\n\n\n\n<p>\u25a0&nbsp;<a style=\"font-weight: bold\" href=\"https:\/\/www.facebook.com\/estquilibre\/\">EST QUI LIBRE<\/a> <br>Professeure : Sophie Boucard<br>Courriel : <a rel=\"noreferrer noopener\" href=\"mailto:yogasophie@sfr.fr\" target=\"_blank\">yogasophie@sfr.fr<\/a><br>T\u00e9l\u00e9phone : +33 (0)6 03 48 09 83<br>Lieu : Grasse<\/p>\n\n\n\n<p class=\"has-bg-2-background-color has-background\">\u25a0\u00a0<strong>YOGATTITUDE06<\/strong> <br>Collectif de professeures IFY<br>Courriel : <a rel=\"noreferrer noopener\" href=\"mailto:contact.yogattitude06@gmail.com\" target=\"_blank\">contact.yogattitude06@gmail.com<\/a><br>Lieux : Valbonne, Sophia-Antipolis<\/p>\n\n\n\n<p><strong>\u25a0 SAMPAT<\/strong> <br>Professeure : M\u00e9lanie Passoni<br>Courriel : <a rel=\"noreferrer noopener\" href=\"mailto:yogasampat@gmail.com\" target=\"_blank\">yogasampat@gmail.com<\/a><br>T\u00e9l\u00e9phone : 06 76 43 99 13<br>Lieu : Mouans-Sartoux<\/p>\n\n\n\n<p class=\"has-bg-2-background-color has-background\">\u25a0\u00a0<strong><a href=\"https:\/\/yoganath.net\">YOGABHYASA<\/a><\/strong> Professeure :<br>Nathalie Moulis<br>Courriel : <a href=\"mailto:moulis.nath@orange.fr\">moulis.nath@orange.fr<\/a><br>T\u00e9l\u00e9phone : 06 61 15 97 77<br>Lieu\u00a0: Sophia Antipolis<\/p>\n","protected":false},"excerpt":{"rendered":"<p>L&rsquo;IFY PACA noue un partenariat privil\u00e9gi\u00e9 avec les associations cr\u00e9\u00e9es par les professeures et professeurs IFY qui font adh\u00e9rer leurs [&hellip;]<\/p>\n","protected":false},"author":1,"featured_media":0,"parent":0,"menu_order":0,"comment_status":"open","ping_status":"open","template":"","meta":[],"acf":[],"_links":{"self":[{"href":"https:\/\/www.ify.fr\/paca\/wp-json\/wp\/v2\/pages\/6"}],"collection":[{"href":"https:\/\/www.ify.fr\/paca\/wp-json\/wp\/v2\/pages"}],"about":[{"href":"https:\/\/www.ify.fr\/paca\/wp-json\/wp\/v2\/types\/page"}],"author":[{"embeddable":true,"href":"https:\/\/www.ify.fr\/paca\/wp-json\/wp\/v2\/users\/1"}],"replies":[{"embeddable":true,"href":"https:\/\/www.ify.fr\/paca\/wp-json\/wp\/v2\/comments?post=6"}],"version-history":[{"count":6,"href":"https:\/\/www.ify.fr\/paca\/wp-json\/wp\/v2\/pages\/6\/revisions"}],"predecessor-version":[{"id":751,"href":"https:\/\/www.ify.fr\/paca\/wp-json\/wp\/v2\/pages\/6\/revisions\/751"}],"wp:attachment":[{"href":"https:\/\/www.ify.fr\/paca\/wp-json\/wp\/v2\/media?parent=6"}],"curies":[{"name":"wp","href":"https:\/\/api.w.org\/{rel}","templated":true}]}}