{"id":10,"date":"2022-06-20T10:41:53","date_gmt":"2022-06-20T08:41:53","guid":{"rendered":"https:\/\/www.ify.fr\/loire-ocean\/lassociation-ify-ile-de-france\/"},"modified":"2023-03-15T18:12:56","modified_gmt":"2023-03-15T17:12:56","slug":"lassociation-ify-loire-ocean","status":"publish","type":"page","link":"https:\/\/www.ify.fr\/loire-ocean\/lassociation-ify-loire-ocean\/","title":{"rendered":"L&rsquo;association IFY Loire Oc\u00e9an"},"content":{"rendered":"\n<p>IFY Loire Oc\u00e9an est l&rsquo;\u00e9manation r\u00e9gionale de l&rsquo;Institut Fran\u00e7ais de Yoga. Elle regroupe des \u00e9l\u00e8ves, des professeur.e.s et des formateurs autour de rendez-vous f\u00e9d\u00e9rateurs : journ\u00e9es de d\u00e9couvertes, soutien et formation continue des enseignant.e.s, \u00e9tudes des textes fondateurs etc. <\/p>\n\n\n\n<p>Elle couvre un vaste territoire g\u00e9ographique allant de la Bretagne \u00e0 Angers en passant par les pays de la Loire. Les d\u00e9partements relevant de l&rsquo;IFY-Loire Oc\u00e9an sont :<\/p>\n\n\n\n<ul><li>Charente maritime (17)<\/li><li>C\u00f4tes d&rsquo;Armor (22)<\/li><li>Finist\u00e8re (29)<\/li><li>Ille et Vilaine (35)<\/li><li>Loire-Atlantique (44)<\/li><li>Maine-et-Loire (49)<\/li><li>Manche (50)<\/li><li>Mayenne (53)<\/li><li>Morbihan (56)<\/li><li>Sarthe (72)<\/li><li>Vend\u00e9e (85)<\/li><\/ul>\n","protected":false},"excerpt":{"rendered":"<p>IFY Loire Oc\u00e9an est l&rsquo;\u00e9manation r\u00e9gionale de l&rsquo;Institut Fran\u00e7ais de Yoga. Elle regroupe des \u00e9l\u00e8ves, des professeur.e.s et des formateurs [&hellip;]<\/p>\n","protected":false},"author":1,"featured_media":0,"parent":0,"menu_order":0,"comment_status":"closed","ping_status":"closed","template":"","meta":[],"acf":[],"_links":{"self":[{"href":"https:\/\/www.ify.fr\/loire-ocean\/wp-json\/wp\/v2\/pages\/10"}],"collection":[{"href":"https:\/\/www.ify.fr\/loire-ocean\/wp-json\/wp\/v2\/pages"}],"about":[{"href":"https:\/\/www.ify.fr\/loire-ocean\/wp-json\/wp\/v2\/types\/page"}],"author":[{"embeddable":true,"href":"https:\/\/www.ify.fr\/loire-ocean\/wp-json\/wp\/v2\/users\/1"}],"replies":[{"embeddable":true,"href":"https:\/\/www.ify.fr\/loire-ocean\/wp-json\/wp\/v2\/comments?post=10"}],"version-history":[{"count":3,"href":"https:\/\/www.ify.fr\/loire-ocean\/wp-json\/wp\/v2\/pages\/10\/revisions"}],"predecessor-version":[{"id":161,"href":"https:\/\/www.ify.fr\/loire-ocean\/wp-json\/wp\/v2\/pages\/10\/revisions\/161"}],"wp:attachment":[{"href":"https:\/\/www.ify.fr\/loire-ocean\/wp-json\/wp\/v2\/media?parent=10"}],"curies":[{"name":"wp","href":"https:\/\/api.w.org\/{rel}","templated":true}]}}

L&rsquo;association IFY Loire Océan

<p>IFY Loire Océan est l&rsquo;émanation régionale de l&rsquo;Institut Français de Yoga. Elle regroupe des élèves, des professeur.e.s et des formateurs autour de rendez-vous fédérateurs : journées de découvertes, soutien et formation continue des enseignant.e.s, études des textes fondateurs etc. </p>



<p>Elle couvre un vaste territoire géographique allant de la Bretagne à Angers en passant par les pays de la Loire. Les départements relevant de l&rsquo;IFY-Loire Océan sont :</p>



<ul><li>Charente maritime (17)</li><li>Côtes d&rsquo;Armor (22)</li><li>Finistère (29)</li><li>Ille et Vilaine (35)</li><li>Loire-Atlantique (44)</li><li>Maine-et-Loire (49)</li><li>Manche (50)</li><li>Mayenne (53)</li><li>Morbihan (56)</li><li>Sarthe (72)</li><li>Vendée (85)</li></ul>

<p>IFY Loire Océan est l&rsquo;émanation régionale de l&rsquo;Institut Français de Yoga. Elle regroupe des élèves, des professeur.e.s et des formateurs [&hellip;]</p>
