{"id":13,"date":"2022-06-20T10:26:33","date_gmt":"2022-06-20T08:26:33","guid":{"rendered":"https:\/\/www.ify.fr\/ile-de-france\/?page_id=13"},"modified":"2025-10-21T14:31:50","modified_gmt":"2025-10-21T12:31:50","slug":"bureau-et-ca","status":"publish","type":"page","link":"https:\/\/www.ify.fr\/ile-de-france\/bureau-et-ca\/","title":{"rendered":"Bureau et CA"},"content":{"rendered":"\n<div class=\"wp-block-columns\">\n<div class=\"wp-block-column\">\n<p><strong>Pr\u00e9sident et Vice Pr\u00e9sidente :<\/strong><\/p>\n\n\n\n<p>Jean-Pierre Dreyfus et Anne Li\u00e9gey<\/p>\n<\/div>\n\n\n\n<div class=\"wp-block-column\">\n<p><strong>Tr\u00e9sori\u00e8re :<\/strong><\/p>\n\n\n\n<p>Fran\u00e7oise Frapsauce<\/p>\n<\/div>\n\n\n\n<div class=\"wp-block-column\">\n<p><strong>Secr\u00e9taire :<\/strong><\/p>\n\n\n\n<p>Nathalie Lefevre<\/p>\n<\/div>\n<\/div>\n\n\n\n<p><strong>Coordonn\u00e9es de l&rsquo;association<\/strong><\/p>\n\n\n\n<p id=\"association-ify-idfmaison-des-associations-du-1er-arrondissement5bis-rue-du-louvreparis-75001\">Association IFY-IDF<br>Maison des Associations du 1er arrondissement<br>5bis rue du Louvre<br>Paris 75001<\/p>\n\n\n\n<div class=\"wp-block-group encart-information\"><div class=\"wp-block-group__inner-container\">\n<p><strong>Pour tout renseignement ou adh\u00e9sion contactez-nous<\/strong><\/p>\n\n\n\n<div class=\"wp-container-69d083c91ca7c wp-block-buttons\">\n<div class=\"wp-block-button\"><a class=\"wp-block-button__link\" href=\"https:\/\/www.ify.fr\/ile-de-france\/contact\/\">Contactez-nous<\/a><\/div>\n<\/div>\n<\/div><\/div>\n","protected":false},"excerpt":{"rendered":"<p>Pr\u00e9sident et Vice Pr\u00e9sidente : Jean-Pierre Dreyfus et Anne Li\u00e9gey Tr\u00e9sori\u00e8re : Fran\u00e7oise Frapsauce Secr\u00e9taire : Nathalie Lefevre Coordonn\u00e9es de [&hellip;]<\/p>\n","protected":false},"author":1,"featured_media":0,"parent":0,"menu_order":0,"comment_status":"closed","ping_status":"closed","template":"","meta":[],"acf":[],"_links":{"self":[{"href":"https:\/\/www.ify.fr\/ile-de-france\/wp-json\/wp\/v2\/pages\/13"}],"collection":[{"href":"https:\/\/www.ify.fr\/ile-de-france\/wp-json\/wp\/v2\/pages"}],"about":[{"href":"https:\/\/www.ify.fr\/ile-de-france\/wp-json\/wp\/v2\/types\/page"}],"author":[{"embeddable":true,"href":"https:\/\/www.ify.fr\/ile-de-france\/wp-json\/wp\/v2\/users\/1"}],"replies":[{"embeddable":true,"href":"https:\/\/www.ify.fr\/ile-de-france\/wp-json\/wp\/v2\/comments?post=13"}],"version-history":[{"count":7,"href":"https:\/\/www.ify.fr\/ile-de-france\/wp-json\/wp\/v2\/pages\/13\/revisions"}],"predecessor-version":[{"id":1645,"href":"https:\/\/www.ify.fr\/ile-de-france\/wp-json\/wp\/v2\/pages\/13\/revisions\/1645"}],"wp:attachment":[{"href":"https:\/\/www.ify.fr\/ile-de-france\/wp-json\/wp\/v2\/media?parent=13"}],"curies":[{"name":"wp","href":"https:\/\/api.w.org\/{rel}","templated":true}]}}