{"id":9,"date":"2022-06-17T14:29:11","date_gmt":"2022-06-17T12:29:11","guid":{"rendered":"https:\/\/www.ify.fr\/espace-nord\/adherer-a-lify-espace-nord\/"},"modified":"2024-02-03T11:06:45","modified_gmt":"2024-02-03T10:06:45","slug":"adherer-a-lify-espace-nord","status":"publish","type":"page","link":"https:\/\/www.ify.fr\/espace-nord\/adherer-a-lify-espace-nord\/","title":{"rendered":"Adh\u00e9rer \u00e0 l&rsquo;IFY Espace Nord"},"content":{"rendered":"\n<h2 id=\"les-membres-actifs\">Les membres actifs<\/h2>\n\n\n\n<ul><li>Les professeurs dont le dipl\u00f4me est reconnu par l\u2019IFY.<\/li><li>Les \u00e9l\u00e8ves en formation (enseignant ou pas) dans un centre reconnu par l\u2019IFY.<\/li><li>Toute personne qui le souhaite peut soutenir IFYEN.<\/li><\/ul>\n\n\n\n<p>Les membres actifs ont voix d\u00e9lib\u00e9rative \u00e0 l\u2019Assembl\u00e9e G\u00e9n\u00e9rale d\u2019IFYEN.<\/p>\n\n\n\n<h2 id=\"les-membres-adherents\">Les membres adh\u00e9rents<\/h2>\n\n\n\n<div class=\"wp-block-columns\">\n<div class=\"wp-block-column\">\n<ul><li>Les pratiquants, \u00e9l\u00e8ves des professeurs adh\u00e9rents \u00e0 IFYEN et donc \u00e0 l\u2019IFY.<\/li><\/ul>\n\n\n\n<p>Les membres adh\u00e9rents ont seulement une voix consultative \u00e0 l\u2019Assembl\u00e9e G\u00e9n\u00e9rale d\u2019IFYEN<\/p>\n\n\n\n<p>Votre pratique du yoga vous am\u00e8nera sans doute \u00e0 un moment \u00e0 vouloir aller plus loin que vos s\u00e9ances r\u00e9guli\u00e8res, d\u2019approfondir la connaissance du yoga, de ce qu\u2019il propose comme rapport \u00e0 la vie quotidienne, de vous impr\u00e9gner plus fortement de textes et de r\u00e9flexions sur ce th\u00e8me, voire de participer plus activement \u00e0 la vie de votre association r\u00e9gionale&nbsp;: bienvenue \u00e0 IFYEN !<\/p>\n<\/div>\n\n\n\n<div class=\"wp-block-column\">\n<p>Que vous soyez \u00e9l\u00e8ve d\u00e9butant ou pratiquant de longue date, votre bonne volont\u00e9 nous aidera \u00e0 soutenir et faire conna\u00eetre le yoga que vous pratiquez.<\/p>\n\n\n\n<p>Vous pouvez en discuter avec votre enseignant habituel ou nous contacter directement&nbsp;<a href=\"mailto:ify.espacenord@gmail.com\">ify.espacenord@gmail.com<\/a><\/p>\n\n\n\n<p><a rel=\"noreferrer noopener\" href=\"https:\/\/www.ify.fr\/espace-nord\/wp-content\/uploads\/sites\/15\/2022\/06\/statuts-IFYEN-dec-2018.pdf\" data-type=\"URL\" data-id=\"https:\/\/www.ify.fr\/espace-nord\/wp-content\/uploads\/sites\/15\/2022\/06\/statuts-IFYEN-dec-2018.pdf\" target=\"_blank\">Statut IFYEN 2018<\/a><\/p>\n\n\n\n<p><strong>MONTANTS DES COTISATIONS 2023\/2024<\/strong><\/p>\n\n\n\n<figure class=\"wp-block-image size-full is-resized is-style-default\"><img loading=\"lazy\" src=\"https:\/\/www.ify.fr\/espace-nord\/wp-content\/uploads\/sites\/15\/2024\/02\/image-1.png\" alt=\"\" class=\"wp-image-545\" width=\"253\" height=\"135\" srcset=\"https:\/\/www.ify.fr\/espace-nord\/wp-content\/uploads\/sites\/15\/2024\/02\/image-1.png 449w, https:\/\/www.ify.fr\/espace-nord\/wp-content\/uploads\/sites\/15\/2024\/02\/image-1-300x160.png 300w\" sizes=\"(max-width: 253px) 100vw, 253px\" \/><\/figure>\n<\/div>\n<\/div>\n\n\n\n<div class=\"wp-block-image is-style-default\"><figure class=\"aligncenter size-large is-resized\"><img loading=\"lazy\" src=\"https:\/\/www.ify.fr\/espace-nord\/wp-content\/uploads\/sites\/15\/2023\/07\/IMG_5887-683x1024.jpg\" alt=\"\" class=\"wp-image-253\" width=\"390\" height=\"585\" srcset=\"https:\/\/www.ify.fr\/espace-nord\/wp-content\/uploads\/sites\/15\/2023\/07\/IMG_5887-683x1024.jpg 683w, https:\/\/www.ify.fr\/espace-nord\/wp-content\/uploads\/sites\/15\/2023\/07\/IMG_5887-200x300.jpg 200w, https:\/\/www.ify.fr\/espace-nord\/wp-content\/uploads\/sites\/15\/2023\/07\/IMG_5887-768x1152.jpg 768w, https:\/\/www.ify.fr\/espace-nord\/wp-content\/uploads\/sites\/15\/2023\/07\/IMG_5887-1024x1536.jpg 1024w, https:\/\/www.ify.fr\/espace-nord\/wp-content\/uploads\/sites\/15\/2023\/07\/IMG_5887-1366x2048.jpg 1366w, https:\/\/www.ify.fr\/espace-nord\/wp-content\/uploads\/sites\/15\/2023\/07\/IMG_5887.jpg 1575w\" sizes=\"(max-width: 390px) 100vw, 390px\" \/><figcaption>Photo IFYEN<\/figcaption><\/figure><\/div>\n\n\n\n<p><\/p>\n\n\n\n<p><\/p>\n\n\n\n<p><\/p>\n\n\n\n<div class=\"wp-block-columns\">\n<div class=\"wp-block-column\" style=\"flex-basis:66.66%\"><\/div>\n\n\n\n<div class=\"wp-block-column\" style=\"flex-basis:33.33%\"><\/div>\n<\/div>\n","protected":false},"excerpt":{"rendered":"<p>Les membres actifs Les professeurs dont le dipl\u00f4me est reconnu par l\u2019IFY. Les \u00e9l\u00e8ves en formation (enseignant ou pas) dans [&hellip;]<\/p>\n","protected":false},"author":1,"featured_media":0,"parent":0,"menu_order":0,"comment_status":"open","ping_status":"open","template":"","meta":[],"acf":[],"_links":{"self":[{"href":"https:\/\/www.ify.fr\/espace-nord\/wp-json\/wp\/v2\/pages\/9"}],"collection":[{"href":"https:\/\/www.ify.fr\/espace-nord\/wp-json\/wp\/v2\/pages"}],"about":[{"href":"https:\/\/www.ify.fr\/espace-nord\/wp-json\/wp\/v2\/types\/page"}],"author":[{"embeddable":true,"href":"https:\/\/www.ify.fr\/espace-nord\/wp-json\/wp\/v2\/users\/1"}],"replies":[{"embeddable":true,"href":"https:\/\/www.ify.fr\/espace-nord\/wp-json\/wp\/v2\/comments?post=9"}],"version-history":[{"count":5,"href":"https:\/\/www.ify.fr\/espace-nord\/wp-json\/wp\/v2\/pages\/9\/revisions"}],"predecessor-version":[{"id":546,"href":"https:\/\/www.ify.fr\/espace-nord\/wp-json\/wp\/v2\/pages\/9\/revisions\/546"}],"wp:attachment":[{"href":"https:\/\/www.ify.fr\/espace-nord\/wp-json\/wp\/v2\/media?parent=9"}],"curies":[{"name":"wp","href":"https:\/\/api.w.org\/{rel}","templated":true}]}}

Adhérer à l&rsquo;IFY Espace Nord

<h2 id="les-membres-actifs">Les membres actifs</h2>



<ul><li>Les professeurs dont le diplôme est reconnu par l’IFY.</li><li>Les élèves en formation (enseignant ou pas) dans un centre reconnu par l’IFY.</li><li>Toute personne qui le souhaite peut soutenir IFYEN.</li></ul>



<p>Les membres actifs ont voix délibérative à l’Assemblée Générale d’IFYEN.</p>



<h2 id="les-membres-adherents">Les membres adhérents</h2>



<div class="wp-block-columns">
<div class="wp-block-column">
<ul><li>Les pratiquants, élèves des professeurs adhérents à IFYEN et donc à l’IFY.</li></ul>



<p>Les membres adhérents ont seulement une voix consultative à l’Assemblée Générale d’IFYEN</p>



<p>Votre pratique du yoga vous amènera sans doute à un moment à vouloir aller plus loin que vos séances régulières, d’approfondir la connaissance du yoga, de ce qu’il propose comme rapport à la vie quotidienne, de vous imprégner plus fortement de textes et de réflexions sur ce thème, voire de participer plus activement à la vie de votre association régionale&nbsp;: bienvenue à IFYEN !</p>
</div>



<div class="wp-block-column">
<p>Que vous soyez élève débutant ou pratiquant de longue date, votre bonne volonté nous aidera à soutenir et faire connaître le yoga que vous pratiquez.</p>



<p>Vous pouvez en discuter avec votre enseignant habituel ou nous contacter directement&nbsp;<a href="mailto:ify.espacenord@gmail.com">ify.espacenord@gmail.com</a></p>



<p><a rel="noreferrer noopener" href="https://www.ify.fr/espace-nord/wp-content/uploads/sites/15/2022/06/statuts-IFYEN-dec-2018.pdf" data-type="URL" data-id="https://www.ify.fr/espace-nord/wp-content/uploads/sites/15/2022/06/statuts-IFYEN-dec-2018.pdf" target="_blank">Statut IFYEN 2018</a></p>



<p><strong>MONTANTS DES COTISATIONS 2023/2024</strong></p>



<figure class="wp-block-image size-full is-resized is-style-default"><img loading="lazy" src="https://www.ify.fr/espace-nord/wp-content/uploads/sites/15/2024/02/image-1.png" alt="" class="wp-image-545" width="253" height="135" srcset="https://www.ify.fr/espace-nord/wp-content/uploads/sites/15/2024/02/image-1.png 449w, https://www.ify.fr/espace-nord/wp-content/uploads/sites/15/2024/02/image-1-300x160.png 300w" sizes="(max-width: 253px) 100vw, 253px" /></figure>
</div>
</div>



<div class="wp-block-image is-style-default"><figure class="aligncenter size-large is-resized"><img loading="lazy" src="https://www.ify.fr/espace-nord/wp-content/uploads/sites/15/2023/07/IMG_5887-683x1024.jpg" alt="" class="wp-image-253" width="390" height="585" srcset="https://www.ify.fr/espace-nord/wp-content/uploads/sites/15/2023/07/IMG_5887-683x1024.jpg 683w, https://www.ify.fr/espace-nord/wp-content/uploads/sites/15/2023/07/IMG_5887-200x300.jpg 200w, https://www.ify.fr/espace-nord/wp-content/uploads/sites/15/2023/07/IMG_5887-768x1152.jpg 768w, https://www.ify.fr/espace-nord/wp-content/uploads/sites/15/2023/07/IMG_5887-1024x1536.jpg 1024w, https://www.ify.fr/espace-nord/wp-content/uploads/sites/15/2023/07/IMG_5887-1366x2048.jpg 1366w, https://www.ify.fr/espace-nord/wp-content/uploads/sites/15/2023/07/IMG_5887.jpg 1575w" sizes="(max-width: 390px) 100vw, 390px" /><figcaption>Photo IFYEN</figcaption></figure></div>



<p></p>



<p></p>



<p></p>



<div class="wp-block-columns">
<div class="wp-block-column" style="flex-basis:66.66%"></div>



<div class="wp-block-column" style="flex-basis:33.33%"></div>
</div>

<p>Les membres actifs Les professeurs dont le diplôme est reconnu par l’IFY. Les élèves en formation (enseignant ou pas) dans [&hellip;]</p>
